{"id":1169,"date":"2026-03-23T17:08:32","date_gmt":"2026-03-23T21:08:32","guid":{"rendered":"https:\/\/festjuv.com.br\/2026\/?page_id=1169"},"modified":"2026-03-23T20:33:40","modified_gmt":"2026-03-24T00:33:40","slug":"transparencia","status":"publish","type":"page","link":"https:\/\/festjuv.com.br\/2026\/transparencia\/","title":{"rendered":"Transpar\u00eancia"},"content":{"rendered":"<div class=\"wpb-content-wrapper\"><p>[vc_row full_width=&#8221;stretch_row&#8221; gap=&#8221;10&#8243; content_placement=&#8221;middle&#8221; css=&#8221;.vc_custom_1774301202139{background-image: url(https:\/\/festjuv.com.br\/2026\/wp-content\/uploads\/2026\/03\/festjuv26-bg-pincelada-amarela-v2.webp?id=737) !important;background-position: center !important;background-repeat: no-repeat !important;background-size: cover !important;}&#8221;][vc_column][vc_single_image image=&#8221;1180&#8243; img_size=&#8221;full&#8221; alignment=&#8221;center&#8221; css=&#8221;&#8221;][\/vc_column][\/vc_row][vc_row][vc_column][vc_column_text css=&#8221;&#8221;]<\/p>\n<h1 style=\"text-align: center;\">Transpar\u00eancia de Parceria<\/h1>\n<h3 style=\"text-align: center;\">(Lei 13.019\/2014 \u2013 Art. 11 | Decreto 8.726\/2016 \u2013 Art. 42 e Art. 80)<\/h3>\n<p>[\/vc_column_text][\/vc_column][\/vc_row][vc_row gap=&#8221;10&#8243; content_placement=&#8221;middle&#8221;][vc_column width=&#8221;1\/2&#8243;][vc_column_text css=&#8221;&#8221;]<strong>1. IDENTIFICA\u00c7\u00c3O DA ORGANIZA\u00c7\u00c3O<\/strong><\/p>\n<ul>\n<li>Nome da OSC: Instituto Curumins<\/li>\n<li>CNPJ: 04.419.493\/0001-50<\/li>\n<li>Endere\u00e7o: Rua Arlindo Sampaio, 614, Condom\u00ednio Nova Bahia, Parque dos Novos Estados, CEP 79034-510, Campo Grande\/MS<\/li>\n<li>E-mail institucional: curumins2001@gmail.com<\/li>\n<li>Site oficial: <a href=\"https:\/\/www.institutocurumins.com.br\" target=\"_blank\" rel=\"noopener\">www.institutocurumins.com.br<\/a><\/li>\n<\/ul>\n<p><strong>2. IDENTIFICA\u00c7\u00c3O DA PARCERIA<\/strong><\/p>\n<ul>\n<li>Nome do Projeto \/ Parceria: Festival da Juventude &#8211; Literatura, Livro e Leituras<\/li>\n<li>N\u00famero do Instrumento (Termo de Fomento\/Colabora\u00e7\u00e3o): 985427<\/li>\n<li>N\u00famero da Proposta (Plataforma +Brasil ou equivalente): 059862\/2025<\/li>\n<li>N\u00famero da Emenda Parlamentar (se houver): 14510023<\/li>\n<li>Autor da Emenda (se houver): Vander Loubet<\/li>\n<li>\u00d3rg\u00e3o Concedente: Minist\u00e9rio da Cultura<\/li>\n<li>Processo n\u00ba 001400.033357\/2025-91<\/li>\n<li>Termo de Fomento n\u00ba 985427<\/li>\n<\/ul>\n<p><strong>3. DADOS DE FORMALIZA\u00c7\u00c3O<\/strong><\/p>\n<ul>\n<li>Data da Proposta: 21\/10\/2025<\/li>\n<li>Data Assinatura: 03\/12\/2025<\/li>\n<li>Instrumento publicado no DOU em: 05\/12\/2025<\/li>\n<li>Data In\u00edcio de Vig\u00eancia: 26\/12\/2025<\/li>\n<li>Data T\u00e9rmino de Vig\u00eancia Atual: 25\/11\/2026<\/li>\n<li>Data Limite para Presta\u00e7\u00e3o de Contas: 23\/02\/2027<\/li>\n<\/ul>\n<p>[\/vc_column_text][\/vc_column][vc_column width=&#8221;1\/2&#8243;][vc_column_text css=&#8221;&#8221;]<strong>4. OBJETO DA PARCERIA<\/strong><\/p>\n<ul>\n<li>Realiza\u00e7\u00e3o do Festival da Juventude &#8211; Literatura, Livro e Leituras em Campo Grande\/MS<\/li>\n<\/ul>\n<p><strong>5. VALORES DA PARCERIA<\/strong><\/p>\n<ul>\n<li>Valor Total da Parceria: R$ 800.000,00<\/li>\n<\/ul>\n<p><strong>6. EXECU\u00c7\u00c3O FINANCEIRA \u2013 EQUIPE DE TRABALHO<\/strong><\/p>\n<ul>\n<li>Valor total da equipe: R$ 63.880,00<\/li>\n<li>Percentual em rela\u00e7\u00e3o ao projeto: 7,985%<\/li>\n<li>Fun\u00e7\u00f5es que os integrantes da equipe profissional desempenham: Dire\u00e7\u00e3o Geral, Assist\u00eancia \u00e0 Produ\u00e7\u00e3o Geral e Coordena\u00e7\u00e3o de Produ\u00e7\u00e3o<\/li>\n<\/ul>\n<p><strong>7. SITUA\u00c7\u00c3O DA PRESTA\u00c7\u00c3O DE CONTAS<\/strong><\/p>\n<ul>\n<li>In\u00edcio da elabora\u00e7\u00e3o ap\u00f3s execu\u00e7\u00e3o (abril de 2026)<\/li>\n<\/ul>\n<p><strong>8. LOCAL DE PUBLICA\u00c7\u00c3O<\/strong><\/p>\n<ul>\n<li>Link direto da p\u00e1gina da parceria: <a href=\"https:\/\/www.institutocurumins.com.br\/transparencia\" target=\"_blank\" rel=\"noopener\">https:\/\/www.institutocurumins.com.br\/transparencia<\/a><\/li>\n<li>Data da \u00faltima atualiza\u00e7\u00e3o: 24\/03\/2026<\/li>\n<\/ul>\n<p>[\/vc_column_text][\/vc_column][\/vc_row]<\/p>\n<\/div>","protected":false},"excerpt":{"rendered":"<p>[vc_row full_width=&#8221;stretch_row&#8221; gap=&#8221;10&#8243; content_placement=&#8221;middle&#8221; css=&#8221;.vc_custom_1774301202139{background-image: url(https:\/\/festjuv.com.br\/2026\/wp-content\/uploads\/2026\/03\/festjuv26-bg-pincelada-amarela-v2.webp?id=737) !important;background-position: center !important;background-repeat: no-repeat !important;background-size: cover !important;}&#8221;][vc_column][vc_single_image image=&#8221;1180&#8243; img_size=&#8221;full&#8221; alignment=&#8221;center&#8221; css=&#8221;&#8221;][\/vc_column][\/vc_row][vc_row][vc_column][vc_column_text css=&#8221;&#8221;] Transpar\u00eancia de [&hellip;]<\/p>\n","protected":false},"author":1,"featured_media":121,"parent":0,"menu_order":0,"comment_status":"closed","ping_status":"closed","template":"","meta":{"site-sidebar-layout":"no-sidebar","site-content-layout":"plain-container","ast-site-content-layout":"default","site-content-style":"default","site-sidebar-style":"default","ast-global-header-display":"","ast-banner-title-visibility":"","ast-main-header-display":"","ast-hfb-above-header-display":"","ast-hfb-below-header-display":"","ast-hfb-mobile-header-display":"","site-post-title":"disabled","ast-breadcrumbs-content":"","ast-featured-img":"disabled","footer-sml-layout":"","ast-disable-related-posts":"","theme-transparent-header-meta":"default","adv-header-id-meta":"","stick-header-meta":"","header-above-stick-meta":"","header-main-stick-meta":"","header-below-stick-meta":"","astra-migrate-meta-layouts":"set","ast-page-background-enabled":"default","ast-page-background-meta":{"desktop":{"background-color":"var(--ast-global-color-5)","background-image":"","background-repeat":"repeat","background-position":"center center","background-size":"auto","background-attachment":"scroll","background-type":"","background-media":"","overlay-type":"","overlay-color":"","overlay-opacity":"","overlay-gradient":""},"tablet":{"background-color":"","background-image":"","background-repeat":"repeat","background-position":"center center","background-size":"auto","background-attachment":"scroll","background-type":"","background-media":"","overlay-type":"","overlay-color":"","overlay-opacity":"","overlay-gradient":""},"mobile":{"background-color":"","background-image":"","background-repeat":"repeat","background-position":"center center","background-size":"auto","background-attachment":"scroll","background-type":"","background-media":"","overlay-type":"","overlay-color":"","overlay-opacity":"","overlay-gradient":""}},"ast-content-background-meta":{"desktop":{"background-color":"var(--ast-global-color-4)","background-image":"","background-repeat":"repeat","background-position":"center center","background-size":"auto","background-attachment":"scroll","background-type":"","background-media":"","overlay-type":"","overlay-color":"","overlay-opacity":"","overlay-gradient":""},"tablet":{"background-color":"var(--ast-global-color-4)","background-image":"","background-repeat":"repeat","background-position":"center center","background-size":"auto","background-attachment":"scroll","background-type":"","background-media":"","overlay-type":"","overlay-color":"","overlay-opacity":"","overlay-gradient":""},"mobile":{"background-color":"var(--ast-global-color-4)","background-image":"","background-repeat":"repeat","background-position":"center center","background-size":"auto","background-attachment":"scroll","background-type":"","background-media":"","overlay-type":"","overlay-color":"","overlay-opacity":"","overlay-gradient":""}},"footnotes":""},"class_list":["post-1169","page","type-page","status-publish","has-post-thumbnail","hentry"],"yoast_head":"<!-- This site is optimized with the Yoast SEO plugin v27.4 - https:\/\/yoast.com\/product\/yoast-seo-wordpress\/ -->\n<title>Transpar\u00eancia &#8226; Festival da Juventude 2026<\/title>\n<meta name=\"description\" content=\"Tenha acesso a informa\u00e7\u00f5es de transpar\u00eancia relacionadas \u00e0 Lei 13.019\/2014 \u2013 Art. 11 e ao Decreto 8.726\/2016 \u2013 Art. 42 e Art. 80.\" \/>\n<meta name=\"robots\" content=\"index, follow, max-snippet:-1, max-image-preview:large, max-video-preview:-1\" \/>\n<link rel=\"canonical\" href=\"https:\/\/festjuv.com.br\/2026\/transparencia\/\" \/>\n<meta property=\"og:locale\" content=\"pt_BR\" \/>\n<meta property=\"og:type\" content=\"article\" \/>\n<meta property=\"og:title\" content=\"Transpar\u00eancia &#8226; Festival da Juventude 2026\" \/>\n<meta property=\"og:description\" content=\"Tenha acesso a informa\u00e7\u00f5es de transpar\u00eancia relacionadas \u00e0 Lei 13.019\/2014 \u2013 Art. 11 e ao Decreto 8.726\/2016 \u2013 Art. 42 e Art. 80.\" \/>\n<meta property=\"og:url\" content=\"https:\/\/festjuv.com.br\/2026\/transparencia\/\" \/>\n<meta property=\"og:site_name\" content=\"Festival da Juventude 2026\" \/>\n<meta property=\"article:modified_time\" content=\"2026-03-24T00:33:40+00:00\" \/>\n<meta property=\"og:image\" content=\"https:\/\/festjuv.com.br\/2026\/wp-content\/uploads\/2026\/02\/festjuv26-img-destaque-v1.png\" \/>\n\t<meta property=\"og:image:width\" content=\"1280\" \/>\n\t<meta property=\"og:image:height\" content=\"853\" \/>\n\t<meta property=\"og:image:type\" content=\"image\/png\" \/>\n<meta name=\"twitter:card\" content=\"summary_large_image\" \/>\n<script type=\"application\/ld+json\" class=\"yoast-schema-graph\">{\"@context\":\"https:\\\/\\\/schema.org\",\"@graph\":[{\"@type\":\"WebPage\",\"@id\":\"https:\\\/\\\/festjuv.com.br\\\/2026\\\/transparencia\\\/\",\"url\":\"https:\\\/\\\/festjuv.com.br\\\/2026\\\/transparencia\\\/\",\"name\":\"Transpar\u00eancia &#8226; Festival da Juventude 2026\",\"isPartOf\":{\"@id\":\"https:\\\/\\\/festjuv.com.br\\\/2026\\\/#website\"},\"primaryImageOfPage\":{\"@id\":\"https:\\\/\\\/festjuv.com.br\\\/2026\\\/transparencia\\\/#primaryimage\"},\"image\":{\"@id\":\"https:\\\/\\\/festjuv.com.br\\\/2026\\\/transparencia\\\/#primaryimage\"},\"thumbnailUrl\":\"https:\\\/\\\/festjuv.com.br\\\/2026\\\/wp-content\\\/uploads\\\/2026\\\/02\\\/festjuv26-img-destaque-v1.png\",\"datePublished\":\"2026-03-23T21:08:32+00:00\",\"dateModified\":\"2026-03-24T00:33:40+00:00\",\"description\":\"Tenha acesso a informa\u00e7\u00f5es de transpar\u00eancia relacionadas \u00e0 Lei 13.019\\\/2014 \u2013 Art. 11 e ao Decreto 8.726\\\/2016 \u2013 Art. 42 e Art. 80.\",\"breadcrumb\":{\"@id\":\"https:\\\/\\\/festjuv.com.br\\\/2026\\\/transparencia\\\/#breadcrumb\"},\"inLanguage\":\"pt-BR\",\"potentialAction\":[{\"@type\":\"ReadAction\",\"target\":[\"https:\\\/\\\/festjuv.com.br\\\/2026\\\/transparencia\\\/\"]}]},{\"@type\":\"ImageObject\",\"inLanguage\":\"pt-BR\",\"@id\":\"https:\\\/\\\/festjuv.com.br\\\/2026\\\/transparencia\\\/#primaryimage\",\"url\":\"https:\\\/\\\/festjuv.com.br\\\/2026\\\/wp-content\\\/uploads\\\/2026\\\/02\\\/festjuv26-img-destaque-v1.png\",\"contentUrl\":\"https:\\\/\\\/festjuv.com.br\\\/2026\\\/wp-content\\\/uploads\\\/2026\\\/02\\\/festjuv26-img-destaque-v1.png\",\"width\":1280,\"height\":853,\"caption\":\"FestJuv 2026\"},{\"@type\":\"BreadcrumbList\",\"@id\":\"https:\\\/\\\/festjuv.com.br\\\/2026\\\/transparencia\\\/#breadcrumb\",\"itemListElement\":[{\"@type\":\"ListItem\",\"position\":1,\"name\":\"In\u00edcio\",\"item\":\"https:\\\/\\\/festjuv.com.br\\\/2026\\\/\"},{\"@type\":\"ListItem\",\"position\":2,\"name\":\"Transpar\u00eancia\"}]},{\"@type\":\"WebSite\",\"@id\":\"https:\\\/\\\/festjuv.com.br\\\/2026\\\/#website\",\"url\":\"https:\\\/\\\/festjuv.com.br\\\/2026\\\/\",\"name\":\"Festival da Juventude 2026\",\"description\":\"Literatura, Livro e Leitura\",\"publisher\":{\"@id\":\"https:\\\/\\\/festjuv.com.br\\\/2026\\\/#organization\"},\"alternateName\":\"FestJuv 2026\",\"potentialAction\":[{\"@type\":\"SearchAction\",\"target\":{\"@type\":\"EntryPoint\",\"urlTemplate\":\"https:\\\/\\\/festjuv.com.br\\\/2026\\\/?s={search_term_string}\"},\"query-input\":{\"@type\":\"PropertyValueSpecification\",\"valueRequired\":true,\"valueName\":\"search_term_string\"}}],\"inLanguage\":\"pt-BR\"},{\"@type\":\"Organization\",\"@id\":\"https:\\\/\\\/festjuv.com.br\\\/2026\\\/#organization\",\"name\":\"Festival da Juventude 2026\",\"alternateName\":\"FestJuv 2026\",\"url\":\"https:\\\/\\\/festjuv.com.br\\\/2026\\\/\",\"logo\":{\"@type\":\"ImageObject\",\"inLanguage\":\"pt-BR\",\"@id\":\"https:\\\/\\\/festjuv.com.br\\\/2026\\\/#\\\/schema\\\/logo\\\/image\\\/\",\"url\":\"https:\\\/\\\/festjuv.com.br\\\/2026\\\/wp-content\\\/uploads\\\/2026\\\/02\\\/festjuv26-img-destaque-v1.png\",\"contentUrl\":\"https:\\\/\\\/festjuv.com.br\\\/2026\\\/wp-content\\\/uploads\\\/2026\\\/02\\\/festjuv26-img-destaque-v1.png\",\"width\":1280,\"height\":853,\"caption\":\"Festival da Juventude 2026\"},\"image\":{\"@id\":\"https:\\\/\\\/festjuv.com.br\\\/2026\\\/#\\\/schema\\\/logo\\\/image\\\/\"}}]}<\/script>\n<!-- \/ Yoast SEO plugin. -->","yoast_head_json":{"title":"Transpar\u00eancia &#8226; Festival da Juventude 2026","description":"Tenha acesso a informa\u00e7\u00f5es de transpar\u00eancia relacionadas \u00e0 Lei 13.019\/2014 \u2013 Art. 11 e ao Decreto 8.726\/2016 \u2013 Art. 42 e Art. 80.","robots":{"index":"index","follow":"follow","max-snippet":"max-snippet:-1","max-image-preview":"max-image-preview:large","max-video-preview":"max-video-preview:-1"},"canonical":"https:\/\/festjuv.com.br\/2026\/transparencia\/","og_locale":"pt_BR","og_type":"article","og_title":"Transpar\u00eancia &#8226; Festival da Juventude 2026","og_description":"Tenha acesso a informa\u00e7\u00f5es de transpar\u00eancia relacionadas \u00e0 Lei 13.019\/2014 \u2013 Art. 11 e ao Decreto 8.726\/2016 \u2013 Art. 42 e Art. 80.","og_url":"https:\/\/festjuv.com.br\/2026\/transparencia\/","og_site_name":"Festival da Juventude 2026","article_modified_time":"2026-03-24T00:33:40+00:00","og_image":[{"width":1280,"height":853,"url":"https:\/\/festjuv.com.br\/2026\/wp-content\/uploads\/2026\/02\/festjuv26-img-destaque-v1.png","type":"image\/png"}],"twitter_card":"summary_large_image","schema":{"@context":"https:\/\/schema.org","@graph":[{"@type":"WebPage","@id":"https:\/\/festjuv.com.br\/2026\/transparencia\/","url":"https:\/\/festjuv.com.br\/2026\/transparencia\/","name":"Transpar\u00eancia &#8226; Festival da Juventude 2026","isPartOf":{"@id":"https:\/\/festjuv.com.br\/2026\/#website"},"primaryImageOfPage":{"@id":"https:\/\/festjuv.com.br\/2026\/transparencia\/#primaryimage"},"image":{"@id":"https:\/\/festjuv.com.br\/2026\/transparencia\/#primaryimage"},"thumbnailUrl":"https:\/\/festjuv.com.br\/2026\/wp-content\/uploads\/2026\/02\/festjuv26-img-destaque-v1.png","datePublished":"2026-03-23T21:08:32+00:00","dateModified":"2026-03-24T00:33:40+00:00","description":"Tenha acesso a informa\u00e7\u00f5es de transpar\u00eancia relacionadas \u00e0 Lei 13.019\/2014 \u2013 Art. 11 e ao Decreto 8.726\/2016 \u2013 Art. 42 e Art. 80.","breadcrumb":{"@id":"https:\/\/festjuv.com.br\/2026\/transparencia\/#breadcrumb"},"inLanguage":"pt-BR","potentialAction":[{"@type":"ReadAction","target":["https:\/\/festjuv.com.br\/2026\/transparencia\/"]}]},{"@type":"ImageObject","inLanguage":"pt-BR","@id":"https:\/\/festjuv.com.br\/2026\/transparencia\/#primaryimage","url":"https:\/\/festjuv.com.br\/2026\/wp-content\/uploads\/2026\/02\/festjuv26-img-destaque-v1.png","contentUrl":"https:\/\/festjuv.com.br\/2026\/wp-content\/uploads\/2026\/02\/festjuv26-img-destaque-v1.png","width":1280,"height":853,"caption":"FestJuv 2026"},{"@type":"BreadcrumbList","@id":"https:\/\/festjuv.com.br\/2026\/transparencia\/#breadcrumb","itemListElement":[{"@type":"ListItem","position":1,"name":"In\u00edcio","item":"https:\/\/festjuv.com.br\/2026\/"},{"@type":"ListItem","position":2,"name":"Transpar\u00eancia"}]},{"@type":"WebSite","@id":"https:\/\/festjuv.com.br\/2026\/#website","url":"https:\/\/festjuv.com.br\/2026\/","name":"Festival da Juventude 2026","description":"Literatura, Livro e Leitura","publisher":{"@id":"https:\/\/festjuv.com.br\/2026\/#organization"},"alternateName":"FestJuv 2026","potentialAction":[{"@type":"SearchAction","target":{"@type":"EntryPoint","urlTemplate":"https:\/\/festjuv.com.br\/2026\/?s={search_term_string}"},"query-input":{"@type":"PropertyValueSpecification","valueRequired":true,"valueName":"search_term_string"}}],"inLanguage":"pt-BR"},{"@type":"Organization","@id":"https:\/\/festjuv.com.br\/2026\/#organization","name":"Festival da Juventude 2026","alternateName":"FestJuv 2026","url":"https:\/\/festjuv.com.br\/2026\/","logo":{"@type":"ImageObject","inLanguage":"pt-BR","@id":"https:\/\/festjuv.com.br\/2026\/#\/schema\/logo\/image\/","url":"https:\/\/festjuv.com.br\/2026\/wp-content\/uploads\/2026\/02\/festjuv26-img-destaque-v1.png","contentUrl":"https:\/\/festjuv.com.br\/2026\/wp-content\/uploads\/2026\/02\/festjuv26-img-destaque-v1.png","width":1280,"height":853,"caption":"Festival da Juventude 2026"},"image":{"@id":"https:\/\/festjuv.com.br\/2026\/#\/schema\/logo\/image\/"}}]}},"_links":{"self":[{"href":"https:\/\/festjuv.com.br\/2026\/wp-json\/wp\/v2\/pages\/1169","targetHints":{"allow":["GET"]}}],"collection":[{"href":"https:\/\/festjuv.com.br\/2026\/wp-json\/wp\/v2\/pages"}],"about":[{"href":"https:\/\/festjuv.com.br\/2026\/wp-json\/wp\/v2\/types\/page"}],"author":[{"embeddable":true,"href":"https:\/\/festjuv.com.br\/2026\/wp-json\/wp\/v2\/users\/1"}],"replies":[{"embeddable":true,"href":"https:\/\/festjuv.com.br\/2026\/wp-json\/wp\/v2\/comments?post=1169"}],"version-history":[{"count":10,"href":"https:\/\/festjuv.com.br\/2026\/wp-json\/wp\/v2\/pages\/1169\/revisions"}],"predecessor-version":[{"id":1187,"href":"https:\/\/festjuv.com.br\/2026\/wp-json\/wp\/v2\/pages\/1169\/revisions\/1187"}],"wp:featuredmedia":[{"embeddable":true,"href":"https:\/\/festjuv.com.br\/2026\/wp-json\/wp\/v2\/media\/121"}],"wp:attachment":[{"href":"https:\/\/festjuv.com.br\/2026\/wp-json\/wp\/v2\/media?parent=1169"}],"curies":[{"name":"wp","href":"https:\/\/api.w.org\/{rel}","templated":true}]}}